 u(-7). Calculate n(j).
7
Let j be 4 + -1 + 0 + -2. Let m(v) = 2*v + 1. Give m(j).
3
Let u = 6 + 2. Suppose 2 = -z + u. Let t(p) = p. Give t(z).
6
Let n be 400/2640 + ((-8)/(-22))/2. Let y(p) be the first derivative of 4 - 3*p**2 + 3*p - n*p**3. What is y(-4)?
11
Let a(w) = -w + 5. Let i be (27/12)/3*8. Let s be a(i). Let m(c) = c**2 + 2*c + 3*c**3 - c + 7*c**3. Give m(s).
-10
Let m(l) = -19 - 11 + 31 + l. Determine m(-7).
-6
Let y(t) = -t**2 - t - 8. Let q(u) = u**3 - 2*u**2 + u. Let o be q(1). Calculate y(o).
-8
Let n(x) = 7 - 3 - 2*x**2 - x**2 + 2*x**2 + 3*x. Calculate n(5).
-6
Suppose -3 = -4*x + 5. Let c = -1 + x. Let q(z) = 5*z**2 - z + 1. Calculate q(c).
5
Let s(z) = -1 - 1 + 0 + z**2 + 2*z. Let d = 11 - 7. Let n be (-8)/6*(-6)/d. Give s(n).
6
Let s(z) = -6*z**2. Let u = 33 - 12. Suppose -u + 4 = -2*n - 3*d, -4*d + 25 = 5*n. Give s(n).
-6
Suppose 7*h + 9 = 9. Let w(k) = k**3 + k**2 + k - 4. Determine w(h).
-4
Let p be ((-6)/(-18))/((-1)/3). Let r = p + 5. Let s(i) = i**3 - i - 2*i**3 + 3*i + 4*i**2 - 6. Give s(r).
2
Let m be (-3)/(-3 + 12/8). Let f(r) = -11*r**m - r - 11*r**2 + 16*r**2. Give f(-1).
-5
Let r(m) = -1 - 3*m - 8*m - 2*m + 10*m. Calculate r(-1).
2
Let c(m) = -5*m + 6. Let k(j) = -j + 1. Let y(p) = -c(p) + 6*k(p). What is y(-1)?
1
Let y be (1 - 1) + 2 - 1. Suppose -3*i = h + y, -i - 2*h + 9 = 3*h. Let t(w) = -7*w - 2. Let k(g) = 13*g + 5. Let d(j) = 2*k(j) + 5*t(j). What is d(i)?
9
Let l(d) be the first derivative of 0*d - 1 + 3/2*d**2. Determine l(1).
3
Let v(g) be the first derivative of 1/2*g**2 + 6*g + 4. Determine v(-4).
2
Suppose 50 - 5 = -9*l. Let r(k) = 3*k**3 - 4*k**3 + 2*k - k**2 - k**2 - 2*k**2 - 5. Calculate r(l).
10
Let j(h) be the first derivative of 9*h**2/2 + 13. Calculate j(-1).
-9
Let g(i) = -9*i**3 + 4*i**2 + 7*i + 8*i**3 + 0*i - 7. Determine g(5).
3
Let a(c) = 4*c**2 - 2*c - 2. Let m be a(-1). Let p(s) = m*s**3 - 2*s**2 + s - 5*s**3 - 11 + 6 + 8. Let r = 4 - 7. Determine p(r).
9
Suppose -g + 3 = 1. Let j(u) = -4*u + 0*u + 3*u + g + 0. Calculate j(3).
-1
Let s(g) = 15 - g**2 - 2*g - 37 + 7 + 14. What is s(4)?
-25
Let f(j) = -j**3 + 8*j**2. Let t be f(8). Let k(r) = r. Let q(l) = -2*l - 3. Let i(w) = -3*k(w) - q(w). Determine i(t).
3
Let w = 24 + -27. Let o(a) = a. Give o(w).
-3
Let i(q) be the second derivative of 0 + 1/2*q**2 + 3*q - 1/6*q**3 - 1/12*q**4. What is i(2)?
-5
Suppose -4*h = -23 - 13. Suppose -i = 3*x - 5*i - 15, -h = 3*x + 4*i. Let o(r) = -4*r**3 - 2*r + 1. Determine o(x).
-5
Suppose 0*r + 3*r - 9 = 0. Suppose -r*g - 3*o = o - 11, 20 = -5*g + o. Let n(l) = -3*l - 1. Determine n(g).
8
Suppose -7*f + 20 = -3*f. Let c = f + 0. Let o = -5 + c. Let u(i) = i - 6. Calculate u(o).
-6
Let b(f) be the second derivative of 0 - 2*f + 0*f**3 - 1/60*f**5 + 0*f**2 - 1/360*f**6 - 1/6*f**4. Let k(w) be the third derivative of b(w). Calculate k(-3).
4
Let l = 8 - 5. Let b(m) = 5 + 3*m**2 - 5 - l*m + 4*m. What is b(-1)?
2
Let w(p) be the second derivative of p**3/6 + 5*p**2 - 23*p. Determine w(-8).
2
Let z(c) = -c**3 - 3*c**2 - 3*c - 1. Suppose -y = -2*y - 1. Suppose 3*i + 3*a = -9, -4*a + 12 = -3*i - i. Let q = i - y. Give z(q).
1
Let s(f) be the first derivative of -2*f**2 - 3*f + 1. What is s(-3)?
9
Let n(c) be the second derivative of -c**6/720 + c**5/15 + 7*c**4/12 + 8*c. Let i(z) be the third derivative of n(z). Give i(0).
8
Let s(x) = x**2 + 8*x - 4. Let r be s(-8). Let f = r + 4. Let p(m) = f + 2 - m - m + 1. Calculate p(4).
-5
Let v = 7 - 2. Let n(m) be the first derivative of -m**3/3 + 3*m**2 - 3*m + 3. Give n(v).
2
Let p(f) = 2*f + 1. Let g = 14 - 11. Suppose 5*k = 4*q + 22, 0*q = -3*k - q + g. Calculate p(k).
5
Let p be -2 - -2*(-2)/(-1). Suppose -p = -m - 0. Suppose -4 = -c + m*c. Let f(n) = n + 1. What is f(c)?
-3
Let t(p) = 4*p**2 + 4*p - 1 - 8 + 12. Determine t(-2).
11
Let r(g) = 4*g. Let c(z) = -z + 1. Let q(m) = -2 + m - 3 + 0. Let a be q(5). Let y be c(a). What is r(y)?
4
Let f(i) = -2*i + 6. Suppose -3*g - 15 = -3*l - 3, -3*g - 8 = l. Let m = -2 + l. Let b(h) = 5*h**2 + h. Let w be b(m). What is f(w)?
-2
Let j(z) = -z**2 - 6*z - 1. Let u be j(-6). Let q(c) = 36*c + c**2 - 23*c - 14*c. Give q(u).
2
Let a = 0 + 3. Let q(w) = 6 - a*w + w + 0 + w. What is q(6)?
0
Suppose -3*g = 6, 2*f - 7*f - 8 = -g. Let b(s) = -s**2 + 1. What is b(f)?
-3
Let i(f) = -f - 5. Let v(t) = t**2 + 4*t + 3. Let k be v(-3). Suppose k*y = -4*y - 24. What is i(y)?
1
Let i(m) = m**2 - m. Let k(v) = -2*v**2 + 1. Let b(y) = 3*i(y) + k(y). What is b(3)?
1
Let n = 16 - 13. Let o(r) = -3*r - 2*r + 2*r**2 - 4 + 0 - n*r**2. What is o(-4)?
0
Let y(u) = -7*u**3 - u. Suppose 3*x + 4 = 4*x. Suppose 0 = x*b + 2 - 10. Let n be (2/(-2))/b*-2. What is y(n)?
-8
Let z(d) be the third derivative of -13*d**5/60 - d**4/24 - 2*d**2. Suppose -3*o - 3*y + 0*y = -9, 2*y = 4*o. What is z(o)?
-14
Let w(y) = 8*y**3 - 18*y**2 - 11*y + 29. Let p(r) = 3*r**3 - 6*r**2 - 4*r + 10. Let d(t) = -t - 3. Let c be d(8). Let s(j) = c*p(j) + 4*w(j). Give s(-6).
6
Let u(i) = 2*i**3 + 2*i**3 + 39*i**2 - 2*i - 37*i**2 - 5*i**3. Determine u(3).
-15
Let v(g) = -g**2 + 4*g + 2. Let z(d) = -d + 8. Let j be z(7). Suppose 5*f - j = 9. Suppose 4*q = 18 - f. Give v(q).
2
Let w(o) = -o**3 + 8*o**2 - 6. Let f be w(8). Let q(p) = p + 10. Give q(f).
4
Let i(f) = f + 1. Let n(t) = -t**2 + 5*t + 1. Let h be 2 - (-3)/(-15)*5. Let w(v) = h*n(v) - 2*i(v). Let u(m) = m**2 + 2*m - 1. Let r be u(1). Calculate w(r).
1
Let a(u) = -5 + 3*u - 6 + 1 - 4. Let z(d) = -5*d + 21. Let t(f) = -8*a(f) - 5*z(f). What is t(5)?
12
Suppose 2 + 30 = -4*u. Let x = 5 + u. Let q = -1 - x. Let m(v) = -v**3 + 2*v**2 - v - 2. What is m(q)?
-4
Suppose 21 - 7 = -4*x + 3*b, 4*x = -b - 6. Let p(c) = -1 + 14*c - 2*c**2 - 32*c + 17*c - 1. Give p(x).
-8
Let h(g) = -g**2 - 4*g - 3. Let z(b) be the first derivative of 0*b**2 - 2*b - 2 - 1/3*b**3. Let a be z(0). Give h(a).
1
Let g(y) = -2*y**3 + 2*y**2 - 1. Let n = -4 + 6. Suppose -15 = -v - n*v. Let r = v + -3. Calculate g(r).
-9
Suppose -4*g - 8 = 2*b + 6, g = b - 5. Let z(p) be the second derivative of -p**3/3 - 3*p**2 - p. Give z(g).
2
Let d(q) = -q**2 - 7*q + 13. Let i(y) = 1. Let t(l) = -d(l) + 2*i(l). Calculate t(-8).
-3
Let n(m) be the first derivative of m**4/4 + 2*m**3/3 - m**2/2 + m + 14. Give n(-2).
3
Let c(f) = -f. Let w(r) = -r. Let x(s) = 4*c(s) + w(s). Let q = -19 - 0. Let b = 20 + q. Calculate x(b).
-5
Let i = 13 + -11. Let n(h) = h - h**2 + 7*h - 4*h + i. Give n(4).
2
Let t be -20*2*2/(-8). Suppose 2 = -4*r - t. Let a(n) be the second derivative of -n**5/20 - n**4/4 - n**3/6 + n**2/2 + 3*n. Calculate a(r).
4
Let s(g) = g - 16. Let p be s(12). Let i(q) = q**2 + 5*q + 4. Calculate i(p).
0
Let x be 5 + (2 - 2)/(-3). Let b(c) = c**3 - 6*c**2 + 7*c - 7. Determine b(x).
3
Let b be (1 - 7)*(-4)/6. Suppose -s - 15 = -b*s. Let w(g) = 0*g + g**2 + s + 0*g + g. Determine w(0).
5
Suppose 4*b - b = 0. Suppose -2*v - 3*v = b. Let o(k) = v - 2 + k + 8. Give o(-4).
2
Let a(z) = 8*z - 440 + 446 - z + z**2. Determine a(-4).
-6
Let a(p) be the first derivative of p**6/360 - p**5/120 - p**4/24 - p**3/3 + 4. Let n(m) be the third derivative of a(m). Give n(0).
-1
Let f(p) be the third derivative of p**6/720 - p**5/120 - p**4/24 - p**2. Let b(w) be the second derivative of f(w). Give b(-3).
-4
Let a = 8 - 6. Suppose -v + a*z = -z + 11, -3*v - 21 = -5*z. Let b be ((-14)/(-6) + v)*3. Let j(y) = -4*y**3 - y**2 + 2*y - 1. Give j(b).
-4
Let p(n) = -2*n - 4. Let l be 5 + 2/(12/6). Determine p(l).
-16
Suppose 0 = 2*m + 2*m - k - 18, 0 = 4*m + 2*k - 12. Let t(s) = 0*s - s**2 + 0*s - 2 - 4*s + 2*s**2. Calculate t(m).
-2
Let c(u) = u**2 - 6*u - 1. Suppose -p = 4*p - 35. Determine c(p).
6
Let v(k) = k**2 + 2*k - 2. Suppose 4*x + 7*x = -33. What is v(x)?
1
Suppose 0*c + 2*w + 4 = -4*c, -4*w - 11 = 5*c. Let v(p) = 9*p**2 - p + 11. Let g(y) = 2*y**2 + 2. Let x(d) = 5*g(d) - v(d). Calculate x(c).
1
Let c(y) be the first derivative of y**3/3 + y**2/2 + 6*y + 19. Let g be (-4 - -2)/(2/(-3)). Suppose 0 = -g*v - v. Calculate c(v).
6
Let n(b) = b**3 + 5*b**2 + 6*b - 6. Let d(w) = -2*w**3 - 5*w**2 - 7*w + 6. Let z(v) = -2*d(v) - 3*n(v). Give z(5).
-14
Let s(a) be the second derivative of a**4/12 + a**3/6 - 31*a. Give s(-2).
2
Let g(s) = -s. Let r be (-8 - -3) + 7 + 1 + -1. Determine g(r)